1?
-12122
In base 16, what is 10787 - -5?
1078c
In base 6, what is 205020 - 4?
205012
In base 12, what is 27773 + 1b?
27792
In base 9, what is 0 - 32286?
-32286
In base 8, what is 0 + -3745671?
-3745671
In base 11, what is 0 - 4a43?
-4a43
In base 9, what is 4 - 65301?
-65286
In base 9, what is 1266 + 62?
1338
In base 16, what is -12f0 + 9?
-12e7
In base 14, what is -1b1 + 1c1?
10
In base 6, what is 103 - -23434?
23541
In base 15, what is -4 + 10d72?
10d6d
In base 3, what is -202110101 + 1010?
-202102021
In base 16, what is 3d9 - 1c?
3bd
In base 5, what is 312120 - 110?
312010
In base 13, what is -1b11c - -1?
-1b11b
In base 3, what is -12222012200 + -12?
-12222012212
In base 4, what is -103320 + 10133?
-33121
In base 10, what is -4673 - 4?
-4677
In base 10, what is -6 + -14331?
-14337
In base 13, what is -90 - 10a3?
-1163
In base 6, what is -25 + 122541?
122512
In base 15, what is 8 + 7bbcc?
7bbd5
In base 15, what is -1 - 50a2?
-50a3
In base 3, what is 1220 + 221?
2211
In base 10, what is -5 + 6803?
6798
In base 15, what is 1 + -4e2c?
-4e2b
In base 4, what is 10 + -200012?
-200002
In base 7, what is 0 + -2541230?
-2541230
In base 9, what is -1814764 + -3?
-1814767
In base 2, what is -110 + 101101000011?
101100111101
In base 2, what is -100110110000010 + 10001?
-100110101110001
In base 14, what is bd8a + 4?
bd90
In base 5, what is -32110 - 3233?
-40343
In base 16, what is -131a - -25?
-12f5
In base 11, what is 5 - 3578?
-3573
In base 3, what is -20 - 110201010?
-110201100
In base 9, what is -33 - 141072?
-141115
In base 15, what is -9a8 - 142?
-aea
In base 14, what is -9386b - 2?
-9386d
In base 16, what is 7670 + 1?
7671
In base 16, what is c + -420?
-414
In base 15, what is -3ea7 + -7?
-3eae
In base 12, what is -237a30 - -3?
-237a29
In base 10, what is 1 - 930572?
-930571
In base 9, what is 281 - 27773?
-27482
In base 13, what is -89b0 - 9?
-89b9
In base 15, what is -390 - 33?
-3c3
In base 7, what is -53 + 5222?
5136
In base 16, what is -3d1 + -62?
-433
In base 16, what is 1 + -21a9b?
-21a9a
In base 2, what is 1000101010000010001 + 1?
1000101010000010010
In base 11, what is 941 - -44?
985
In base 7, what is -14333 - -222?
-14111
In base 13, what is -2 - c2201?
-c2203
In base 12, what is b1 - 9a0?
-8ab
In base 12, what is -98253 + 5?
-9824a
In base 16, what is -d5 + -3f?
-114
In base 14, what is 29d9b + c?
29da9
In base 3, what is -11 - -10002212002?
10002211221
In base 3, what is 20211 - -200211?
221122
In base 11, what is -23392 + -2?
-23394
In base 8, what is -2521 + 2606?
65
In base 16, what is 418 + -21?
3f7
In base 8, what is -3 + 1321313?
1321310
In base 4, what is -1120321233 + 3?
-1120321230
In base 7, what is -63 + -64412?
-64505
In base 11, what is -29 - 119?
-147
In base 13, what is -3 + c2ca?
c2c7
In base 11, what is -4 - -10a610?
10a607
In base 12, what is 712 + -3a?
694
In base 12, what is 4ba + -43?
477
In base 4, what is 0 + 10033300?
10033300
In base 8, what is 5 - 514230?
-514223
In base 11, what is -921 + -29?
-94a
In base 9, what is -823 - 52?
-875
In base 3, what is -2 - -102102211212?
102102211210
In base 14, what is c - -31a?
328
In base 4, what is 0 + 10032222300?
10032222300
In base 10, what is -1790 - -657?
-1133
In base 2, what is 1000101111111000001 + 1?
1000101111111000010
In base 2, what is 1001100101000100100 + 0?
1001100101000100100
In base 11, what is -8 - 6592?
-659a
In base 7, what is 15242 - -5?
15250
In base 14, what is -30 + -930a?
-933a
In base 12, what is 4 - -5903?
5907
In base 3, what is 12 + -10001202110?
-10001202021
In base 2, what is -11 + -11011101101011000?
-11011101101011011
In base 7, what is 1624 - 114?
1510
In base 8, what is 3 + 11303?
11306
In base 12, what is 9a0 + -1b3?
7a9
In base 9, what is 5 - 2033728?
-2033723
In base 12, what is -3 - -a2571?
a256a
In base 13, what is 3 - -12099?
1209c
In base 13, what is -4ca944 + -3?
-4ca947
In base 5, what is -3 - 20023203?
-20023211
In base 2, what is 1101010 - 10001100111001?
-10001011001111
In base 3, what is 120011 + 122202?
1012220
In base 6, what is 10 + -5113151?
-5113141
In base 5, what is -101113 - -21?
-101042
In base 6, what is -110323 + 4?
-110315
In base 5, what is -10 - 432430?
-432440
In base 8, what is -736 - 51?
-1007
In base 3, what is 1002000021122 - -11?
1002000021210
In base 5, what is 144223 - -14?
144242
In base 3, what is 120200021 - 21?
120200000
In base 4, what is -2313033032 - 11?
-2313033103
In base 7, what is 2 - 1636516?
-1636514
In base 9, what is -1121626 + 4?
-1121622
In base 10, what is -881192 + -2?
-881194
In base 15, what is 8 + 9a3a?
9a43
In base 12, what is a9 + 5209?
52b6
In base 12, what is a407 + 4?
a40b
In base 6, what is 31 + -25311?
-25240
In base 15, what is 2 + -29b259?
-29b257
In base 15, what is 8 - -9d?
a6
In base 14, what is -3bb + 90?
-32b
In base 12, what is 315 - -7a?
393
In base 4, what is -3202012 + -233?
-3202311
In base 11, what is 515941 - -1?
515942
In base 14, what is -844 - 5?
-849
In base 6, what is 5 + 32414255?
32414304
In base 11, what is -18998 - -38?
-18960
In base 7, what is -3662544 + -5?
-3662552
In base 13, what is -2 - a3b?
-a40
In base 13, what is 41915 + 20?
41935
In base 5, what is -10032321 - -1?
-10032320
In base 15, what is 7c04a - 5?
7c045
In base 12, what is -2 + -73a45?
-73a47
In base 15, what is -1835b - 5?
-18361
In base 8, what is 2211506 - -4?
2211512
In base 8, what is 4 - -137424?
137430
In base 13, what is -319 - -15?
-304
In base 9, what is 1003 + 5?
1008
In base 6, what is 13123 - 411?
12312
In base 9, what is 5600 + -14?
5575
In base 2, what is 10100 + -100000001100001101?
-100000001011111001
In base 14, what is -8542 + 0?
-8542
In base 8, what is 3062 - -1525?
4607
In base 12, what is -4 - 66a4?
-66a8
In base 3, what is -1100221012221 + -11?
-1100221020002
In base 10, what is 926 - -108?
1034
In base 13, what is 43 - -82?
c5
In base 4, what is -231302211 - 11?
-231302222
In base 4, what is -10 + -3311202?
-3311212
In base 14, what is -3 + 86a8?
86a5
In base 4, what is -3 - 1112333?
-1113002
In base 8, what is 167 - 214?
-25
In base 3, what is 10 - 220002020?
-220002010
In base 3, what is -1000211201 - 1?
-1000211202
In base 5, what is 31333242 - -4?
31333301
In base 14, what is -1 - -3bca2?
3bca1
In base 12, what is -5 + a365?
a360
In base 2, what is -11 + 100111000110000011?
100111000110000000
In base 15, what is -83 - 5465?
-54e8
In base 8, what is -5 - -131520?
131513
In base 16, what is -1c + -1357?
-1373
In base 2, what is 1 + -10110110001000111?
-10110110001000110
In base 9, what is -12730 - 1?
-12731
In base 5, what is -14423134 + -10?
-14423144
In base 7, what is -20 - 612?
-632
In base 2, what is -100 + 1000000100110111?
1000000100110011
In base 14, what is -12b9 - -9?
-12b0
In base 3, what is -1010101101200 + -2?
-1010101101202
In base 8, what is 4533362 + 4?
4533366
In base 15, what is 5 - 1d82?
-1d7c
In base 8, what is -3 - 34214?
-34217
In base 5, what is -11 + -1412411?
-1412422
In base 13, what is -4 - -3912?
390b
In base 16, what is 5 - -25748?
2574d
In base 2, what is 11 + 101000100001011?
101000100001110
In base 2, what is -11101001011110101 - -100?
-11101001011110001
In base 9, what is 13 - 27862?
-27848
In base 9, what is 100822 - -3?
100825
In base 12, what is -2164 - -221?
-1b43
In base 4, what is -10023 + 232?
-3131
In base 9, what is -8 - -11140?
11131
In base 2, what is -1000110101100000 - -10?
-1000110101011110
In base 5, what is -1233 + 101033?
44300
In base 4, what is 2031311 + -1?
2031310
In base 9, what is 740885 - 0?
740885
In base 2, what is -101110000 + 101101001010?
100111011010
In base 9, what is -1500 - 8?
-1508
In base 16, what is 5dc + 74?
650
In base 3, what is 2 - -1000222201?
1000222210
In base 13, what is -3 + -13369?
-1336c
In base 10, what is -55871 - -4?
-55867
In base 12, what is -a94 - -46?
-a4a
In base 11, what is -574742 + 4?
-574739
In base 5, what is 10 + 4230224?
4230234
In base 14, what is -a97b - b?
-a988
In base 3, what is -22120 + -112010?
-211200
In base 9, what is 4061 - -676?
4747
In base 3, what is -110121 - 20221?
-201112
In base 6, what is 1040 + -13031?
-11551
In base 6, what is 1424 + 1025?
2453
In base 6, what is 12 + -44144?
-44132
In base 10, what is 4 - 819?
-815
In base 4, what is -222